{"id":189,"date":"2025-02-03T00:46:45","date_gmt":"2025-02-03T00:46:45","guid":{"rendered":"https:\/\/coloraink.com\/?page_id=189"},"modified":"2026-01-15T22:19:41","modified_gmt":"2026-01-15T22:19:41","slug":"pinturas-vinilicas","status":"publish","type":"page","link":"https:\/\/coloraink.com\/index.php\/pinturas-vinilicas\/","title":{"rendered":"Pinturas Vin\u00edlicas"},"content":{"rendered":"<p>[et_pb_section fb_built=\u00bb1&#8243; fullwidth=\u00bbon\u00bb _builder_version=\u00bb4.20.0&#8243; _module_preset=\u00bbdefault\u00bb background_enable_image=\u00bboff\u00bb top_divider_style=\u00bbwaves2&#8243; top_divider_color=\u00bbrgba(79,186,239,0.66)\u00bb top_divider_height=\u00bb67px\u00bb animation_style=\u00bbflip\u00bb global_colors_info=\u00bb{}\u00bb][et_pb_fullwidth_image src=\u00bbhttps:\/\/coloraink.com\/wp-content\/uploads\/2025\/02\/BANNER-PINTURAS-VINILICAS.png\u00bb title_text=\u00bbPEGANTES COLORA\u00bb admin_label=\u00bbImagen de anchura completa\u00bb _builder_version=\u00bb4.20.0&#8243; _module_preset=\u00bbdefault\u00bb global_colors_info=\u00bb{}\u00bb][\/et_pb_fullwidth_image][\/et_pb_section][et_pb_section fb_built=\u00bb1&#8243; _builder_version=\u00bb4.20.0&#8243; _module_preset=\u00bbdefault\u00bb global_colors_info=\u00bb{}\u00bb][et_pb_row _builder_version=\u00bb4.20.0&#8243; _module_preset=\u00bbdefault\u00bb custom_margin=\u00bb-45px||||false|false\u00bb global_colors_info=\u00bb{}\u00bb][et_pb_column type=\u00bb4_4&#8243; _builder_version=\u00bb4.20.0&#8243; _module_preset=\u00bbdefault\u00bb global_colors_info=\u00bb{}\u00bb][et_pb_text _builder_version=\u00bb4.20.0&#8243; _module_preset=\u00bbdefault\u00bb text_text_color=\u00bb#000000&#8243; text_font_size=\u00bb20px\u00bb text_orientation=\u00bbcenter\u00bb global_colors_info=\u00bb{}\u00bb]<\/p>\n<p>En COLORA Ink, nos especializamos en la fabricaci\u00f3n de pintura vin\u00edlica de muy alta calidad. Nuestra misi\u00f3n es ofrecer productos que no solo cubran tus expectativas, sino que las superen, garantizando acabados duraderos y de excelente apariencia.<\/p>\n<p>[\/et_pb_text][\/et_pb_column][\/et_pb_row][et_pb_row _builder_version=\u00bb4.20.0&#8243; _module_preset=\u00bbdefault\u00bb custom_padding=\u00bb0px||0px||true|false\u00bb global_colors_info=\u00bb{}\u00bb theme_builder_area=\u00bbpost_content\u00bb][et_pb_column type=\u00bb4_4&#8243; _builder_version=\u00bb4.20.0&#8243; _module_preset=\u00bbdefault\u00bb global_colors_info=\u00bb{}\u00bb theme_builder_area=\u00bbpost_content\u00bb][et_pb_text _builder_version=\u00bb4.20.0&#8243; _module_preset=\u00bbdefault\u00bb text_text_color=\u00bb#000000&#8243; text_font_size=\u00bb20px\u00bb custom_padding=\u00bb0px||0px||true|false\u00bb hover_enabled=\u00bb0&#8243; global_colors_info=\u00bb{}\u00bb theme_builder_area=\u00bbpost_content\u00bb sticky_enabled=\u00bb0&#8243;]<\/p>\n<p><strong>PINTURAS VIN\u00cdLICAS PREMIUM<\/strong><br \/>Pinturas vin\u00edlicas de bajo olor<\/p>\n<p><strong>Caracter\u00edsticas:<\/strong><br \/>Bajo olor (ideal para hoteles y espacios ocupados)<br \/>Alto cubrimiento<br \/>Excelente rendimiento<br \/>S\u00faper lavable<br \/>Resistente a la intemperie<br \/>Uso interior y exterior<br \/>Colores personalizados seg\u00fan el cliente<\/p>\n<p><strong>ESMALTES ECOL\u00d3GICOS AL AGUA<\/strong><br \/>Protecci\u00f3n met\u00e1lica sostenible<\/p>\n<p><strong>Beneficios:<\/strong><br \/>Bajo olor<br \/>Libre de solventes fuertes (Varsol y thinner)<br \/>Alternativa ecol\u00f3gica a esmaltes sint\u00e9ticos<br \/>Excelente protecci\u00f3n anticorrosiva<br \/>Ideal para superficies met\u00e1licas<\/p>\n<p style=\"text-align: center;\"><strong>PERSONALIZACI\u00d3N Y SOPORTE<\/strong><br \/>Soluciones a la medida<br \/>En Colora Ink desarrollamos formulaciones personalizadas, ajustando colores, caracter\u00edsticas<br \/>t\u00e9cnicas y desempe\u00f1o seg\u00fan las necesidades espec\u00edficas de cada cliente.<br \/>Nuestro equipo brinda acompa\u00f1amiento t\u00e9cnico y soporte especializado.<\/p>\n<p>[\/et_pb_text][\/et_pb_column][\/et_pb_row][et_pb_row column_structure=\u00bb1_2,1_2&#8243; _builder_version=\u00bb4.20.0&#8243; _module_preset=\u00bbdefault\u00bb global_colors_info=\u00bb{}\u00bb][et_pb_column type=\u00bb1_2&#8243; _builder_version=\u00bb4.20.0&#8243; _module_preset=\u00bbdefault\u00bb global_colors_info=\u00bb{}\u00bb][et_pb_blurb title=\u00bbPremium\u00bb image=\u00bbhttps:\/\/coloraink.com\/wp-content\/uploads\/2025\/02\/pinturas-caseras-premium.jpg\u00bb _builder_version=\u00bb4.20.0&#8243; _module_preset=\u00bbdefault\u00bb header_font=\u00bb|700|||||||\u00bb header_text_color=\u00bb#0C71C3&#8243; header_font_size=\u00bb23px\u00bb body_text_color=\u00bb#000000&#8243; body_font_size=\u00bb18px\u00bb text_orientation=\u00bbcenter\u00bb global_colors_info=\u00bb{}\u00bb]<\/p>\n<p>Una pintura de m\u00e1xima calidad, dise\u00f1ada para quienes buscan lo mejor en durabilidad, cobertura y acabado. Ideal para proyectos exigentes que requieren un toque excepcional.<\/p>\n<p>[\/et_pb_blurb][\/et_pb_column][et_pb_column type=\u00bb1_2&#8243; _builder_version=\u00bb4.20.0&#8243; _module_preset=\u00bbdefault\u00bb global_colors_info=\u00bb{}\u00bb][et_pb_blurb title=\u00bbCl\u00e1sica\u00bb image=\u00bbhttps:\/\/coloraink.com\/wp-content\/uploads\/2025\/02\/pinturas-caseras.jpg\u00bb _builder_version=\u00bb4.20.0&#8243; _module_preset=\u00bbdefault\u00bb header_font=\u00bb|700|||||||\u00bb header_text_color=\u00bb#0C71C3&#8243; header_font_size=\u00bb23px\u00bb body_text_color=\u00bb#000000&#8243; body_font_size=\u00bb18px\u00bb text_orientation=\u00bbcenter\u00bb global_colors_info=\u00bb{}\u00bb]<\/p>\n<p>Una pintura que se convierte en una opci\u00f3n de excelente rendimiento, perfecta para quienes buscan una pintura confiable y accesible, sin sacrificar calidad.<\/p>\n<p>[\/et_pb_blurb][\/et_pb_column][\/et_pb_row][et_pb_row _builder_version=\u00bb4.20.0&#8243; _module_preset=\u00bbdefault\u00bb global_colors_info=\u00bb{}\u00bb][et_pb_column type=\u00bb4_4&#8243; _builder_version=\u00bb4.20.0&#8243; _module_preset=\u00bbdefault\u00bb global_colors_info=\u00bb{}\u00bb][et_pb_text _builder_version=\u00bb4.20.0&#8243; _module_preset=\u00bbdefault\u00bb text_font=\u00bb|600|||||||\u00bb text_text_color=\u00bb#0C71C3&#8243; text_font_size=\u00bb18px\u00bb text_orientation=\u00bbcenter\u00bb global_colors_info=\u00bb{}\u00bb]<\/p>\n<p>Ambas referencias est\u00e1n formuladas para ofrecer un rendimiento \u00f3ptimo y colores vibrantes que transformar\u00e1n cualquier espacio. Descubre la diferencia que COLORA Ink puede hacer en tu hogar, oficina o proyecto. \u00a1Pinta con calidad, pinta con COLORA Ink!<\/p>\n<p>[\/et_pb_text][\/et_pb_column][\/et_pb_row][\/et_pb_section]<\/p>\n","protected":false},"excerpt":{"rendered":"<p>En COLORA Ink, nos especializamos en la fabricaci\u00f3n de pintura vin\u00edlica de muy alta calidad. Nuestra misi\u00f3n es ofrecer productos que no solo cubran tus expectativas, sino que las superen, garantizando acabados duraderos y de excelente apariencia.PINTURAS VIN\u00cdLICAS PREMIUMPinturas vin\u00edlicas de bajo olor Caracter\u00edsticas:Bajo olor (ideal para hoteles y espacios ocupados)Alto cubrimientoExcelente rendimientoS\u00faper lavableResistente a [&hellip;]<\/p>\n","protected":false},"author":1,"featured_media":0,"parent":0,"menu_order":0,"comment_status":"closed","ping_status":"closed","template":"","meta":{"_et_pb_use_builder":"on","_et_pb_old_content":"<!-- wp:divi\/placeholder \/-->","_et_gb_content_width":""},"_links":{"self":[{"href":"https:\/\/coloraink.com\/index.php\/wp-json\/wp\/v2\/pages\/189"}],"collection":[{"href":"https:\/\/coloraink.com\/index.php\/wp-json\/wp\/v2\/pages"}],"about":[{"href":"https:\/\/coloraink.com\/index.php\/wp-json\/wp\/v2\/types\/page"}],"author":[{"embeddable":true,"href":"https:\/\/coloraink.com\/index.php\/wp-json\/wp\/v2\/users\/1"}],"replies":[{"embeddable":true,"href":"https:\/\/coloraink.com\/index.php\/wp-json\/wp\/v2\/comments?post=189"}],"version-history":[{"count":6,"href":"https:\/\/coloraink.com\/index.php\/wp-json\/wp\/v2\/pages\/189\/revisions"}],"predecessor-version":[{"id":224,"href":"https:\/\/coloraink.com\/index.php\/wp-json\/wp\/v2\/pages\/189\/revisions\/224"}],"wp:attachment":[{"href":"https:\/\/coloraink.com\/index.php\/wp-json\/wp\/v2\/media?parent=189"}],"curies":[{"name":"wp","href":"https:\/\/api.w.org\/{rel}","templated":true}]}}